{"id":4177,"date":"2018-10-29T15:59:21","date_gmt":"2018-10-29T14:59:21","guid":{"rendered":"http:\/\/maisondebegon.com\/?page_id=4177"},"modified":"2018-10-29T15:59:21","modified_gmt":"2018-10-29T14:59:21","slug":"appel-wanted","status":"publish","type":"page","link":"https:\/\/maisondebegon.com\/index.php\/appel-wanted\/","title":{"rendered":"Appel WANTED"},"content":{"rendered":"<div class=\"mp-row-fluid motopress-row mpce-dsbl-margin-left mpce-dsbl-margin-right\">\n<div class=\"mp-span12 motopress-clmn  mpce-dsbl-margin-left mpce-dsbl-margin-right\">\n<div class=\"motopress-text-obj\">\n<h2>Mardi 6 Novembre de 19h \u00e0 22h<\/h2>\n<\/div>\n<\/div>\n<\/div>\n<div class=\"mp-row-fluid motopress-row mpce-dsbl-margin-left mpce-dsbl-margin-right\">\n<div class=\"mp-span12 motopress-clmn  mpce-dsbl-margin-left mpce-dsbl-margin-right\">\n<div class=\"motopress-text-obj\">\n<p>Le projet Wanted 200 Percus est n\u00e9 en 2003 \u00e0 l\u2019initiative de la Maison de B\u00e9gon. Il a r\u00e9uni, dans 5 \u00e9ditions, des personnes de tous les horizons, amateur-trices ou non, autour d\u2019une m\u00eame pratique artistique, les percussions. Apr\u00e8s cinq cr\u00e9ations surprenantes et magiques, dont la derni\u00e8re \u00abRacine\u00b2\u00bb jou\u00e9e au Jeu de Paume en avril dernier, le projet Wanted revient pour une nouvelle cr\u00e9ation musicale, artistique et humaine\u2026 Et cela se fera toutes et tous ensemble !<\/p>\n<p>VENEZ parce que c\u2019est avant tout un projet qui rassemble les habitant-es de Blois et plus encore ! Les Wanted rayonnent aupr\u00e8s de tous les territoires du Blaisois.<\/p>\n<p>Parce que c\u2019est ouvert \u00e0 toutes et \u00e0 tous : adultes, enfants, couples, familles, ami-es, musicien-nes ou non, avec comme points communs l\u2019envie de partager et de participer pour cr\u00e9er un spectacle !<\/p>\n<p>Parce que des musiciens professionnels, chefs d\u2019orchestre sont l\u00e0 pour vous apprendre \u00e0 taper, frapper, gratter, secouer en rythme et ensemble !<\/p>\n<p>Parce que des artistes seront l\u00e0 pour la cr\u00e9ation plastique de choses \u00e9tranges &#8230; avec toutes celles et ceux qui le veulent !<\/p>\n<p>Venez voir, venez tester, venez rencontrer, venez jouer librement !<\/p>\n<\/div>\n<\/div>\n<\/div>\n<div class=\"mp-row-fluid motopress-row mpce-dsbl-margin-left mpce-dsbl-margin-right\">\n<div class=\"mp-span12 motopress-clmn  mpce-dsbl-margin-left mpce-dsbl-margin-right\">\n<div class=\"motopress-image-obj motopress-text-align-left\"><img decoding=\"async\" src=\"https:\/\/maisondebegon.com\/wp-content\/uploads\/2018\/10\/appelWANTED-copie.jpg\" title=\"appelWANTED copie\" alt=\"appelWANTED copie\" class=\"motopress-image-obj-basic mpce-dsbl-margin-left mpce-dsbl-margin-right mpce-dsbl-margin-top mpce-dsbl-margin-bottom\" \/><\/div>\n<\/div>\n<\/div>\n","protected":false},"excerpt":{"rendered":"","protected":false},"author":1,"featured_media":0,"parent":0,"menu_order":0,"comment_status":"closed","ping_status":"closed","template":"","meta":{"_uag_custom_page_level_css":"","_wp_convertkit_post_meta":{"form":"-1","landing_page":"0","tag":"0","restrict_content":"0"},"footnotes":""},"class_list":["post-4177","page","type-page","status-publish","czr-hentry"],"uagb_featured_image_src":{"full":false,"thumbnail":false,"medium":false,"medium_large":false,"large":false,"1536x1536":false,"2048x2048":false,"depicter-thumbnail":false,"tc-grid-full":false,"tc-grid":false,"tc-thumb":false,"slider-full":false,"slider":false,"sendpress-max":false},"uagb_author_info":{"display_name":"Maison de B\u00e9gon","author_link":"https:\/\/maisondebegon.com\/author\/maisonb\/"},"uagb_comment_info":0,"uagb_excerpt":null,"jetpack_sharing_enabled":true,"_links":{"self":[{"href":"https:\/\/maisondebegon.com\/index.php\/wp-json\/wp\/v2\/pages\/4177","targetHints":{"allow":["GET"]}}],"collection":[{"href":"https:\/\/maisondebegon.com\/index.php\/wp-json\/wp\/v2\/pages"}],"about":[{"href":"https:\/\/maisondebegon.com\/index.php\/wp-json\/wp\/v2\/types\/page"}],"author":[{"embeddable":true,"href":"https:\/\/maisondebegon.com\/index.php\/wp-json\/wp\/v2\/users\/1"}],"replies":[{"embeddable":true,"href":"https:\/\/maisondebegon.com\/index.php\/wp-json\/wp\/v2\/comments?post=4177"}],"version-history":[{"count":2,"href":"https:\/\/maisondebegon.com\/index.php\/wp-json\/wp\/v2\/pages\/4177\/revisions"}],"predecessor-version":[{"id":4180,"href":"https:\/\/maisondebegon.com\/index.php\/wp-json\/wp\/v2\/pages\/4177\/revisions\/4180"}],"wp:attachment":[{"href":"https:\/\/maisondebegon.com\/index.php\/wp-json\/wp\/v2\/media?parent=4177"}],"curies":[{"name":"wp","href":"https:\/\/api.w.org\/{rel}","templated":true}]}}