{"id":3330,"date":"2018-01-09T15:26:10","date_gmt":"2018-01-09T14:26:10","guid":{"rendered":"http:\/\/maisondebegon.com\/?page_id=3330"},"modified":"2025-07-09T17:12:18","modified_gmt":"2025-07-09T15:12:18","slug":"atelier-orchestre-jazz-club-de-blois","status":"publish","type":"page","link":"http:\/\/maisondebegon.com\/index.php\/atelier-orchestre-jazz-club-de-blois\/","title":{"rendered":"ATELIER ORCHESTRE JAZZ CLUB DE BLOIS"},"content":{"rendered":"<div class=\"mp-row-fluid motopress-row mpce-dsbl-margin-left mpce-dsbl-margin-right\">\n<div class=\"mp-span12 motopress-clmn  mpce-dsbl-margin-left mpce-dsbl-margin-right\">\n<div class=\"motopress-text-obj\">\n<h3 style=\"text-align: center;\"><span style=\"color: #c5171a;\">LE JAZZ CLUB<\/span><\/h3>\n<\/div>\n<\/div>\n<\/div>\n<div class=\"mp-row-fluid motopress-row mpce-dsbl-margin-left mpce-dsbl-margin-right\">\n<div class=\"mp-span12 motopress-clmn  mpce-dsbl-margin-left mpce-dsbl-margin-right  motopress-space\" style=\"min-height: 20px;\">\n<div class=\"motopress-space-obj mpce-dsbl-background-image-type mpce-dsbl-background-image mpce-dsbl-background-gradient mpce-dsbl-background-position mpce-dsbl-background-position-x mpce-dsbl-background-position-y mpce-dsbl-background-repeat mpce-dsbl-background-size mpce-dsbl-background-attachment mpce-dsbl-margin-left mpce-dsbl-margin-right mpce-dsbl-background-color mpce-dsbl-border-top-width mpce-dsbl-border-bottom-width mpce-dsbl-border-left-width mpce-dsbl-border-right-width mpce-dsbl-border-top-left-radius mpce-dsbl-border-top-right-radius mpce-dsbl-border-bottom-left-radius mpce-dsbl-border-bottom-right-radius mpce-dsbl-border-style mpce-dsbl-border-color mpce-dsbl-padding-left mpce-dsbl-padding-right mpce-dsbl-margin-top mpce-dsbl-margin-bottom mpce-dsbl-color\">\n<div><\/div>\n<\/div>\n<\/div>\n<\/div>\n<div class=\"mp-row-fluid motopress-row mpce-dsbl-margin-left mpce-dsbl-margin-right\">\n<div class=\"mp-span12 motopress-clmn  mpce-dsbl-margin-left mpce-dsbl-margin-right\">\n<div class=\"mp-row-fluid motopress-row mpce-dsbl-margin-left mpce-dsbl-margin-right\">\n<\/div>\n<div class=\"mp-row-fluid motopress-row mpce-dsbl-margin-left mpce-dsbl-margin-right\">\n<div class=\"mp-span6 motopress-clmn mpce-dsbl-margin-left mpce-dsbl-margin-right\">\n<div class=\"motopress-image-obj motopress-text-align-right\"><img decoding=\"async\" src=\"http:\/\/maisondebegon.com\/wp-content\/uploads\/2019\/06\/MICHELLE-DAVID-BEGON-18052019_022.jpg\" title=\"MICHELLE DAVID BEGON 18052019_022\" alt=\"MICHELLE DAVID BEGON 18052019_022\" class=\"motopress-image-obj-basic mpce-dsbl-margin-left mpce-dsbl-margin-right mpce-dsbl-margin-top mpce-dsbl-margin-bottom\" \/><\/div>\n<\/div>\n<div class=\"mp-span6 motopress-clmn mpce-dsbl-margin-left mpce-dsbl-margin-right\">\n<div class=\"motopress-text-obj\">\n<p style=\"text-align: justify;\"><span style=\"color: #808080;\">Atelier d&rsquo;improvisation les lundis de 20h15 \u00e0 22h15.<\/span><\/p>\n<p style=\"text-align: justify;\"><span style=\"color: #808080;\">Nouveau : Ouvert aux chanteuses-teurs et instrumentistes !<\/span><\/p>\n<p style=\"text-align: justify;\"><span style=\"color: #808080;\">Fusion \u00ab\u00a0Happyscat et Orchestre\u00a0\u00bb pour le projet \u00ab\u00a0Cojazzclub\u00a0\u00bb autour d&rsquo;un r\u00e9pertoire convivial dansant de standards arrang\u00e9s sur mesure et chansons adapt\u00e9es par Cyril Parmentier (06 08 65 36 82).<\/span><\/p>\n<p style=\"text-align: justify;\"><span style=\"color: #808080;\">Venez aborder l&rsquo;improvisation \u00ab\u00a0\u00e0 l&rsquo;oreille\u00a0\u00bb par l&rsquo;intuition, en conversations bienveillantes, avec les conseils et encouragements de Cyril jazzicien multi-instrumentiste ; et progressivement, selon vos besoins, vers la compr\u00e9hension des chiffrages, des harmonies jazz, polyrythmies&#8230;<\/span><\/p>\n<p style=\"text-align: justify;\"><span style=\"color: #808080;\">Pr\u00e9paration \u00e0 des animations swing de rues, prestations dansantes avec les danseuses-eurs de Lindy hop, Charleston et autres&#8230;<\/span><\/p>\n<p style=\"text-align: justify;\"><span style=\"color: #ff0000;\"><a href=\"http:\/\/jazzclubblois.fr\" target=\"_blank\" rel=\"noopener\"><span style=\"color: #ff0000;\">http:\/\/jazzclubblois.fr<\/span><\/a><\/span><\/p>\n<h4 style=\"text-align: justify;\"><span style=\"color: #c5171a;\">Stages d\u2019improvisation<\/span><\/h4>\n<p style=\"text-align: justify;\"><span style=\"color: #808080;\">Venez vous entrainer \u00e0 l\u2019improvisation, avec des conseils th\u00e9oriques selon vos besoins\u2026<\/span><\/p>\n<p style=\"text-align: justify;\"><span style=\"color: #808080;\">Jouer \u00e0 l\u2019oreille, en conversation avec les autres, \u00e9couter les autres en jouant, rep\u00e9rer les intervalles entre les notes, les natures d\u2019accords, les polyrythmies\u2026\u00a0<\/span><\/p>\n<p style=\"text-align: justify;\"><span style=\"color: #808080;\">Selon vos questions nous aborderons progressivement la th\u00e9orie, l\u2019harmonie, les rythmes\u2026<\/span><\/p>\n<p style=\"text-align: justify;\"><span style=\"color: #808080;\">Tarif : 40\u20ac de 10h \u00e0 13h<\/span><\/p>\n<p style=\"text-align: justify;\"><span style=\"color: #808080;\">Samedis 13 d\u00e9cembre 2025, 17 janvier et <\/span><\/p>\n<p style=\"text-align: justify;\"><span style=\"color: #808080;\">7 mars 2026.<\/span><\/p>\n<\/div>\n<\/div>\n<\/div>\n<\/div>\n<\/div>\n<div class=\"mp-row-fluid motopress-row mpce-dsbl-margin-left mpce-dsbl-margin-right\">\n<div class=\"mp-span12 motopress-clmn  mpce-dsbl-margin-left mpce-dsbl-margin-right\">\n<div class=\"mp-row-fluid motopress-row mpce-dsbl-margin-left mpce-dsbl-margin-right\">\n<\/div>\n<\/div>\n<\/div>\n<div class=\"mp-row-fluid motopress-row mpce-dsbl-margin-left mpce-dsbl-margin-right\">\n<div class=\"mp-span12 motopress-clmn  mpce-dsbl-margin-left mpce-dsbl-margin-right\">\n<div class=\"motopress-tabs-obj motopress-tabs-no-vertical motopress-tabs-padding-20 motopress-tabs-basic\" id=\"tabs69f29b2bed0b0\">\n<ul>\n<li data-tab-no=\"0\" class=\"ui-tabs-nav-item\"><a href=\"#6479da3ba325a\"><i class=\"fa fa-user\"  style=\" color: inherit; padding-left: 5px; padding-right: 5px; padding-top: 0px; padding-bottom: 0px;\"><\/i><span class=\"tab-text\">Tarifs \/ Horaires<\/span><\/a><\/li>\n<li data-tab-no=\"1\" class=\"ui-tabs-nav-item\"><a href=\"#6479da3ba325b\"><i class=\"fa fa-calendar\"  style=\" color: inherit; padding-left: 5px; padding-right: 5px; padding-top: 0px; padding-bottom: 0px;\"><\/i><span class=\"tab-text\">Calendrier<\/span><\/a><\/li>\n<li data-tab-no=\"2\" class=\"ui-tabs-nav-item\"><a href=\"#6479daf0a3287\"><i class=\"fa fa-print\"  style=\" color: inherit; padding-left: 5px; padding-right: 5px; padding-top: 0px; padding-bottom: 0px;\"><\/i><span class=\"tab-text\">Adh\u00e9sion 2025 \/ 2026<\/span><\/a><\/li>\n<li data-tab-no=\"3\" class=\"ui-tabs-nav-item\"><a href=\"#6479db4fa32c1\"><i class=\"fa fa-euro\"  style=\" color: inherit; padding-left: 5px; padding-right: 5px; padding-top: 0px; padding-bottom: 0px;\"><\/i><span class=\"tab-text\">Tarifs d\u00e9gressifs<\/span><\/a><\/li>\n<\/ul>\n<div class=\"motopress-tab\" id=\"6479da3ba325a\">\n<p><span style=\"color: #333333;\"><span style=\"font-family: 'josefin sans', sans-serif;\"><span style=\"font-size: small;\"><b><strong>Les lundis de 20h15 \u00e0 22h15<\/strong><\/b><\/span><\/span><\/span><\/p>\n<p><span style=\"color: #333333;\"><span style=\"font-family: 'josefin sans', sans-serif;\"><span style=\"font-size: small;\"><b><strong>170<\/strong><\/b>\u20ac<b><strong> \u00e0 l&rsquo;ann\u00e9e<\/strong><\/b><\/span><\/span><\/span><\/p>\n<\/div>\n<div class=\"motopress-tab\" id=\"6479da3ba325b\">\n<p align=\"justify\"><span style=\"color: #333333;\"><span style=\"font-family: 'Josefin Sans';\"><span style=\"font-size: small;\"><b>La reprise des cours se fera \u00e0 partir du 15 septembre 2025.<\/b><\/span><\/span><\/span><\/p>\n<p><span style=\"color: #333333;\"><span style=\"font-family: 'Josefin Sans';\"><span style=\"font-size: small;\"><b>Les activit\u00e9s se termineront le 19 juin 2026.<\/b><\/span><\/span><\/span><\/p>\n<p align=\"justify\"><span style=\"color: #333333;\"><span style=\"font-family: 'Josefin Sans';\"><span style=\"font-size: small;\"><b>Il n\u2019y aura pas de cours pendant les vacances scolaires.<\/b><\/span><\/span><\/span><\/p>\n<\/div>\n<div class=\"motopress-tab\" id=\"6479daf0a3287\">\n<p align=\"justify\"><span style=\"color: #333333;\"><span style=\"font-family: 'Josefin Sans';\"><span style=\"font-size: small;\"><b>Il est n\u00e9cessaire d\u2019\u00eatre adh\u00e9rent \u00e0 la Maison de B\u00e9gon pour s\u2019inscrire aux cours et aux stages pr\u00e9sent\u00e9s.<\/b><\/span><\/span><\/span><\/p>\n<p><span style=\"color: #333333;\"><span style=\"font-family: 'Josefin Sans';\"><span style=\"font-size: small;\"><b>L\u2019adh\u00e9sion est valable jusqu\u2019au 31 ao\u00fbt 2026 :<\/b><\/span><\/span><\/span><\/p>\n<ul>\n<li><span style=\"color: #333333;\"><span style=\"font-family: 'Josefin Sans';\"><span style=\"font-size: small;\"><b>Familiale : 15\u20ac<\/b><\/span><\/span><\/span><\/li>\n<li><span style=\"color: #333333;\"><span style=\"font-family: 'Josefin Sans';\"><span style=\"font-size: small;\"><b>Moins de 25 ans individuelle : 10\u20ac<\/b><\/span><\/span><\/span><\/li>\n<li><span style=\"color: #333333;\"><span style=\"font-family: 'Josefin Sans';\"><span style=\"font-size: small;\"><b>Association : 50\u20ac<\/b><\/span><\/span><\/span><\/li>\n<\/ul>\n<p><span style=\"color: #333333;\"><span style=\"font-family: 'Josefin Sans';\"><span style=\"font-size: small;\"><b>Toute adh\u00e9sion souscrite \u00e0 l&rsquo;ALCV, l&rsquo;ALEP, la Maison des Provinces,\u00a0l\u2019espace Mirabeau, l\u2019espace Quini\u00e8re Rosa Parks et la Maison de B\u00e9gon est valable dans ces 6 structures uniquement pour les inscriptions aux cours, aux stages et aux projets divers.<\/b><\/span><\/span><\/span><\/p>\n<p><span style=\"color: #333333;\"><span style=\"font-family: 'Josefin Sans';\"><span style=\"font-size: small;\"><b>Vous pouvez essayer les cours du 16 au 26 septembre 2025.<\/b><\/span><\/span><\/span><\/p>\n<\/div>\n<div class=\"motopress-tab\" id=\"6479db4fa32c1\">\n<p><span style=\"color: #333333;\"><span style=\"font-family: 'Josefin Sans';\"><span style=\"font-size: small;\"><b>Nous vous proposons des tarifs d\u00e9gressifs en fonction du nombre d\u2019activit\u00e9s pratiqu\u00e9es :<\/b><\/span><\/span><\/span><\/p>\n<ul>\n<li><span style=\"color: #333333;\"><span style=\"font-family: 'Josefin Sans';\"><span style=\"font-size: small;\"><b>-10% pour la 2<sup>\u00e8me<\/sup><\/b><\/span><\/span><\/span><\/li>\n<li><span style=\"color: #333333;\"><span style=\"font-family: 'Josefin Sans';\"><span style=\"font-size: small;\"><b>-20% \u00e0 partir de la 3<sup>\u00e8me<\/sup><\/b><\/span><\/span><\/span><\/li>\n<\/ul>\n<p><span style=\"color: #333333;\"><span style=\"font-family: 'Josefin Sans';\"><span style=\"font-size: small;\"><b>Les cotisations sont payables pour l\u2019ann\u00e9e enti\u00e8re au d\u00e9marrage de l\u2019activit\u00e9.<\/b><\/span><\/span><\/span><\/p>\n<p><span style=\"color: #333333;\"><span style=\"font-family: 'Josefin Sans';\"><span style=\"font-size: small;\"><b>Au-del\u00e0 de 60\u20ac, le paiement peut se faire par ch\u00e8que bancaire en quatre fois.<\/b><\/span><\/span><\/span><\/p>\n<p><span style=\"color: #333333;\"><span style=\"font-family: 'Josefin Sans';\"><span style=\"font-size: small;\"><b>Nous acceptons l\u2019ensemble des aides : Comit\u00e9 d\u2019Entreprise, Ch\u00e8ques Vacances, Passeport Temps Libre de la CAF, tarifs sociaux\u2026<\/b><\/span><\/span><\/span><\/p>\n<\/div>\n<p class=\"motopress-hide-script\"><script type=\"text\/javascript\">\n                    var mpTabs69f29b2bed0b0 = jQuery(\"#tabs69f29b2bed0b0\");\n                    jQuery(document).ready(function($) {\n                        if ($(\"base\").length) {\n\t\t\t                mpTabs69f29b2bed0b0.find(\"ul li a\").each(function() {\n\t\t\t\t\t\t\t    $(this).attr(\"href\", location.href.toString() + $(this).attr(\"href\"));\n\t\t\t\t\t\t\t});\n\t\t\t\t\t\t}\n                        if (mpTabs69f29b2bed0b0.data(\"uiTabs\")) {\n                            mpTabs69f29b2bed0b0.tabs(\"destroy\");\n                        }\n                        mpTabs69f29b2bed0b0.tabs({\n                            active: 0\n                        });\n                        ;\n                        ;\n                    });\n                    jQuery(window).load(function() {\n                        ;\n                    });\n                     <\/script><\/p>\n<\/div>\n<\/div>\n<\/div>\n","protected":false},"excerpt":{"rendered":"","protected":false},"author":1,"featured_media":0,"parent":0,"menu_order":0,"comment_status":"closed","ping_status":"closed","template":"","meta":{"_uag_custom_page_level_css":"","_wp_convertkit_post_meta":{"form":"-1","landing_page":"0","tag":"0","restrict_content":"0"},"jetpack_post_was_ever_published":false,"footnotes":""},"class_list":["post-3330","page","type-page","status-publish","czr-hentry"],"uagb_featured_image_src":{"full":false,"thumbnail":false,"medium":false,"medium_large":false,"large":false,"1536x1536":false,"2048x2048":false,"depicter-thumbnail":false,"tc-grid-full":false,"tc-grid":false,"tc-thumb":false,"slider-full":false,"slider":false,"sendpress-max":false},"uagb_author_info":{"display_name":"Maison de B\u00e9gon","author_link":"http:\/\/maisondebegon.com\/author\/maisonb\/"},"uagb_comment_info":0,"uagb_excerpt":null,"jetpack_sharing_enabled":true,"_links":{"self":[{"href":"http:\/\/maisondebegon.com\/index.php\/wp-json\/wp\/v2\/pages\/3330","targetHints":{"allow":["GET"]}}],"collection":[{"href":"http:\/\/maisondebegon.com\/index.php\/wp-json\/wp\/v2\/pages"}],"about":[{"href":"http:\/\/maisondebegon.com\/index.php\/wp-json\/wp\/v2\/types\/page"}],"author":[{"embeddable":true,"href":"http:\/\/maisondebegon.com\/index.php\/wp-json\/wp\/v2\/users\/1"}],"replies":[{"embeddable":true,"href":"http:\/\/maisondebegon.com\/index.php\/wp-json\/wp\/v2\/comments?post=3330"}],"version-history":[{"count":38,"href":"http:\/\/maisondebegon.com\/index.php\/wp-json\/wp\/v2\/pages\/3330\/revisions"}],"predecessor-version":[{"id":10167,"href":"http:\/\/maisondebegon.com\/index.php\/wp-json\/wp\/v2\/pages\/3330\/revisions\/10167"}],"wp:attachment":[{"href":"http:\/\/maisondebegon.com\/index.php\/wp-json\/wp\/v2\/media?parent=3330"}],"curies":[{"name":"wp","href":"https:\/\/api.w.org\/{rel}","templated":true}]}}

<div class="mp-row-fluid motopress-row mpce-dsbl-margin-left mpce-dsbl-margin-right">
<div class="mp-span12 motopress-clmn  mpce-dsbl-margin-left mpce-dsbl-margin-right">
<div class="motopress-text-obj">
<h3 style="text-align: center;"><span style="color: #c5171a;">LE JAZZ CLUB</span></h3>
</div>
</div>
</div>
<div class="mp-row-fluid motopress-row mpce-dsbl-margin-left mpce-dsbl-margin-right">
<div class="mp-span12 motopress-clmn  mpce-dsbl-margin-left mpce-dsbl-margin-right  motopress-space" style="min-height: 20px;">
<div class="motopress-space-obj mpce-dsbl-background-image-type mpce-dsbl-background-image mpce-dsbl-background-gradient mpce-dsbl-background-position mpce-dsbl-background-position-x mpce-dsbl-background-position-y mpce-dsbl-background-repeat mpce-dsbl-background-size mpce-dsbl-background-attachment mpce-dsbl-margin-left mpce-dsbl-margin-right mpce-dsbl-background-color mpce-dsbl-border-top-width mpce-dsbl-border-bottom-width mpce-dsbl-border-left-width mpce-dsbl-border-right-width mpce-dsbl-border-top-left-radius mpce-dsbl-border-top-right-radius mpce-dsbl-border-bottom-left-radius mpce-dsbl-border-bottom-right-radius mpce-dsbl-border-style mpce-dsbl-border-color mpce-dsbl-padding-left mpce-dsbl-padding-right mpce-dsbl-margin-top mpce-dsbl-margin-bottom mpce-dsbl-color">
<div></div>
</div>
</div>
</div>
<div class="mp-row-fluid motopress-row mpce-dsbl-margin-left mpce-dsbl-margin-right">
<div class="mp-span12 motopress-clmn  mpce-dsbl-margin-left mpce-dsbl-margin-right">
<div class="mp-row-fluid motopress-row mpce-dsbl-margin-left mpce-dsbl-margin-right">
</div>
<div class="mp-row-fluid motopress-row mpce-dsbl-margin-left mpce-dsbl-margin-right">
<div class="mp-span6 motopress-clmn mpce-dsbl-margin-left mpce-dsbl-margin-right">
<div class="motopress-image-obj motopress-text-align-right"><img decoding="async" src="http://maisondebegon.com/wp-content/uploads/2019/06/MICHELLE-DAVID-BEGON-18052019_022.jpg" title="MICHELLE DAVID BEGON 18052019_022" alt="MICHELLE DAVID BEGON 18052019_022" class="motopress-image-obj-basic mpce-dsbl-margin-left mpce-dsbl-margin-right mpce-dsbl-margin-top mpce-dsbl-margin-bottom" /></div>
</div>
<div class="mp-span6 motopress-clmn mpce-dsbl-margin-left mpce-dsbl-margin-right">
<div class="motopress-text-obj">
<p style="text-align: justify;"><span style="color: #808080;">Atelier d&rsquo;improvisation les lundis de 20h15 à 22h15.</span></p>
<p style="text-align: justify;"><span style="color: #808080;">Nouveau : Ouvert aux chanteuses-teurs et instrumentistes !</span></p>
<p style="text-align: justify;"><span style="color: #808080;">Fusion « Happyscat et Orchestre » pour le projet « Cojazzclub » autour d&rsquo;un répertoire convivial dansant de standards arrangés sur mesure et chansons adaptées par Cyril Parmentier (06 08 65 36 82).</span></p>
<p style="text-align: justify;"><span style="color: #808080;">Venez aborder l&rsquo;improvisation « à l&rsquo;oreille » par l&rsquo;intuition, en conversations bienveillantes, avec les conseils et encouragements de Cyril jazzicien multi-instrumentiste ; et progressivement, selon vos besoins, vers la compréhension des chiffrages, des harmonies jazz, polyrythmies&#8230;</span></p>
<p style="text-align: justify;"><span style="color: #808080;">Préparation à des animations swing de rues, prestations dansantes avec les danseuses-eurs de Lindy hop, Charleston et autres&#8230;</span></p>
<p style="text-align: justify;"><span style="color: #ff0000;"><a href="http://jazzclubblois.fr" target="_blank" rel="noopener"><span style="color: #ff0000;">http://jazzclubblois.fr</span></a></span></p>
<h4 style="text-align: justify;"><span style="color: #c5171a;">Stages d’improvisation</span></h4>
<p style="text-align: justify;"><span style="color: #808080;">Venez vous entrainer à l’improvisation, avec des conseils théoriques selon vos besoins…</span></p>
<p style="text-align: justify;"><span style="color: #808080;">Jouer à l’oreille, en conversation avec les autres, écouter les autres en jouant, repérer les intervalles entre les notes, les natures d’accords, les polyrythmies… </span></p>
<p style="text-align: justify;"><span style="color: #808080;">Selon vos questions nous aborderons progressivement la théorie, l’harmonie, les rythmes…</span></p>
<p style="text-align: justify;"><span style="color: #808080;">Tarif : 40€ de 10h à 13h</span></p>
<p style="text-align: justify;"><span style="color: #808080;">Samedis 13 décembre 2025, 17 janvier et </span></p>
<p style="text-align: justify;"><span style="color: #808080;">7 mars 2026.</span></p>
</div>
</div>
</div>
</div>
</div>
<div class="mp-row-fluid motopress-row mpce-dsbl-margin-left mpce-dsbl-margin-right">
<div class="mp-span12 motopress-clmn  mpce-dsbl-margin-left mpce-dsbl-margin-right">
<div class="mp-row-fluid motopress-row mpce-dsbl-margin-left mpce-dsbl-margin-right">
</div>
</div>
</div>
<div class="mp-row-fluid motopress-row mpce-dsbl-margin-left mpce-dsbl-margin-right">
<div class="mp-span12 motopress-clmn  mpce-dsbl-margin-left mpce-dsbl-margin-right">
<div class="motopress-tabs-obj motopress-tabs-no-vertical motopress-tabs-padding-20 motopress-tabs-basic" id="tabs69f29b2bed0b0">
<ul>
<li data-tab-no="0" class="ui-tabs-nav-item"><a href="#6479da3ba325a"><i class="fa fa-user"  style=" color: inherit; padding-left: 5px; padding-right: 5px; padding-top: 0px; padding-bottom: 0px;"></i><span class="tab-text">Tarifs / Horaires</span></a></li>
<li data-tab-no="1" class="ui-tabs-nav-item"><a href="#6479da3ba325b"><i class="fa fa-calendar"  style=" color: inherit; padding-left: 5px; padding-right: 5px; padding-top: 0px; padding-bottom: 0px;"></i><span class="tab-text">Calendrier</span></a></li>
<li data-tab-no="2" class="ui-tabs-nav-item"><a href="#6479daf0a3287"><i class="fa fa-print"  style=" color: inherit; padding-left: 5px; padding-right: 5px; padding-top: 0px; padding-bottom: 0px;"></i><span class="tab-text">Adhésion 2025 / 2026</span></a></li>
<li data-tab-no="3" class="ui-tabs-nav-item"><a href="#6479db4fa32c1"><i class="fa fa-euro"  style=" color: inherit; padding-left: 5px; padding-right: 5px; padding-top: 0px; padding-bottom: 0px;"></i><span class="tab-text">Tarifs dégressifs</span></a></li>
</ul>
<div class="motopress-tab" id="6479da3ba325a">
<p><span style="color: #333333;"><span style="font-family: 'josefin sans', sans-serif;"><span style="font-size: small;"><b><strong>Les lundis de 20h15 à 22h15</strong></b></span></span></span></p>
<p><span style="color: #333333;"><span style="font-family: 'josefin sans', sans-serif;"><span style="font-size: small;"><b><strong>170</strong></b>€<b><strong> à l&rsquo;année</strong></b></span></span></span></p>
</div>
<div class="motopress-tab" id="6479da3ba325b">
<p align="justify"><span style="color: #333333;"><span style="font-family: 'Josefin Sans';"><span style="font-size: small;"><b>La reprise des cours se fera à partir du 15 septembre 2025.</b></span></span></span></p>
<p><span style="color: #333333;"><span style="font-family: 'Josefin Sans';"><span style="font-size: small;"><b>Les activités se termineront le 19 juin 2026.</b></span></span></span></p>
<p align="justify"><span style="color: #333333;"><span style="font-family: 'Josefin Sans';"><span style="font-size: small;"><b>Il n’y aura pas de cours pendant les vacances scolaires.</b></span></span></span></p>
</div>
<div class="motopress-tab" id="6479daf0a3287">
<p align="justify"><span style="color: #333333;"><span style="font-family: 'Josefin Sans';"><span style="font-size: small;"><b>Il est nécessaire d’être adhérent à la Maison de Bégon pour s’inscrire aux cours et aux stages présentés.</b></span></span></span></p>
<p><span style="color: #333333;"><span style="font-family: 'Josefin Sans';"><span style="font-size: small;"><b>L’adhésion est valable jusqu’au 31 août 2026 :</b></span></span></span></p>
<ul>
<li><span style="color: #333333;"><span style="font-family: 'Josefin Sans';"><span style="font-size: small;"><b>Familiale : 15€</b></span></span></span></li>
<li><span style="color: #333333;"><span style="font-family: 'Josefin Sans';"><span style="font-size: small;"><b>Moins de 25 ans individuelle : 10€</b></span></span></span></li>
<li><span style="color: #333333;"><span style="font-family: 'Josefin Sans';"><span style="font-size: small;"><b>Association : 50€</b></span></span></span></li>
</ul>
<p><span style="color: #333333;"><span style="font-family: 'Josefin Sans';"><span style="font-size: small;"><b>Toute adhésion souscrite à l&rsquo;ALCV, l&rsquo;ALEP, la Maison des Provinces, l’espace Mirabeau, l’espace Quinière Rosa Parks et la Maison de Bégon est valable dans ces 6 structures uniquement pour les inscriptions aux cours, aux stages et aux projets divers.</b></span></span></span></p>
<p><span style="color: #333333;"><span style="font-family: 'Josefin Sans';"><span style="font-size: small;"><b>Vous pouvez essayer les cours du 16 au 26 septembre 2025.</b></span></span></span></p>
</div>
<div class="motopress-tab" id="6479db4fa32c1">
<p><span style="color: #333333;"><span style="font-family: 'Josefin Sans';"><span style="font-size: small;"><b>Nous vous proposons des tarifs dégressifs en fonction du nombre d’activités pratiquées :</b></span></span></span></p>
<ul>
<li><span style="color: #333333;"><span style="font-family: 'Josefin Sans';"><span style="font-size: small;"><b>-10% pour la 2<sup>ème</sup></b></span></span></span></li>
<li><span style="color: #333333;"><span style="font-family: 'Josefin Sans';"><span style="font-size: small;"><b>-20% à partir de la 3<sup>ème</sup></b></span></span></span></li>
</ul>
<p><span style="color: #333333;"><span style="font-family: 'Josefin Sans';"><span style="font-size: small;"><b>Les cotisations sont payables pour l’année entière au démarrage de l’activité.</b></span></span></span></p>
<p><span style="color: #333333;"><span style="font-family: 'Josefin Sans';"><span style="font-size: small;"><b>Au-delà de 60€, le paiement peut se faire par chèque bancaire en quatre fois.</b></span></span></span></p>
<p><span style="color: #333333;"><span style="font-family: 'Josefin Sans';"><span style="font-size: small;"><b>Nous acceptons l’ensemble des aides : Comité d’Entreprise, Chèques Vacances, Passeport Temps Libre de la CAF, tarifs sociaux…</b></span></span></span></p>
</div>
<p class="motopress-hide-script"><script type="text/javascript">
                    var mpTabs69f29b2bed0b0 = jQuery("#tabs69f29b2bed0b0");
                    jQuery(document).ready(function($) {
                        if ($("base").length) {
			                mpTabs69f29b2bed0b0.find("ul li a").each(function() {
							    $(this).attr("href", location.href.toString() + $(this).attr("href"));
							});
						}
                        if (mpTabs69f29b2bed0b0.data("uiTabs")) {
                            mpTabs69f29b2bed0b0.tabs("destroy");
                        }
                        mpTabs69f29b2bed0b0.tabs({
                            active: 0
                        });
                        ;
                        ;
                    });
                    jQuery(window).load(function() {
                        ;
                    });
                     </script></p>
</div>
</div>
</div>

Maison de Bégon
